12). Let s = -2 - i. Suppose 2*u + 5*g = -s + 51, 0 = 5*u + 5*g - 95. What is the remainder when 65 is divided by u?
14
Let n be 6/4*(8 + -6). Suppose -2*q = n*h - 51, 5*h - 4*h + 3*q - 17 = 0. Let v(s) = s**3 - 2*s**2 + s + 4. What is the remainder when h is divided by v(2)?
5
Let f(q) = q**3 - 4*q**2 + 2*q - 14. Let z be f(7). Let p = 214 - z. What is the remainder when p is divided by 24?
19
Let r = 123 - 44. Calculate the remainder when 235 is divided by r.
77
Suppose m + 2*f = 17, 5*m - 3*f - 18 = 2. Calculate the remainder when m is divided by ((-12)/(-10))/((-1)/(-5)).
1
Let x(l) = -4 - 11*l**2 + 3*l**2 - 62*l**3 + 6*l + 9 + 63*l**3. Calculate the remainder when x(8) is divided by 4/(-6) + (-166)/(-6).
26
Suppose 31 = 3*x + 7. Let h = x + -6. Suppose -z - 176 = -3*s - 29, -3*s + h*z + 150 = 0. Calculate the remainder when s is divided by 13.
9
Let s = -32 + 53. Suppose t = -7 + 19. What is the remainder when s is divided by t?
9
Let m be 2 - 1 - (-4 + 5). Suppose m = 2*c + c. Suppose 0*g + 4*g - 228 = c. Calculate the remainder when g is divided by 29.
28
What is the remainder when 82 is divided by -285*12/(-72) - (-3)/6?
34
Let v = -882 - -897. Calculate the remainder when 168 is divided by v.
3
Let n(y) = 21*y**3 - 1. Let f be n(1). Calculate the remainder when 119 is divided by f*5*(-3)/(-10).
29
Let b = -303 + 420. What is the remainder when b is divided by 24?
21
What is the remainder when 24 is divided by 2 + -1 + 18/3?
3
Suppose -12*p + 9*p = -b + 39, 2*b - 5*p - 83 = 0. Let y be (-1)/(-3) - 5/15. Suppose 0 = -y*o - 2*o + 22. Calculate the remainder when b is divided by o.
10
What is the remainder when 5*(-13)/195*(-34 + 1) is divided by 6?
5
Suppose d - 24 - 6 = 0. Let h = 8 - 5. Suppose -5*i = 3*u + 15 - 43, 3*i = h*u + 36. What is the remainder when d is divided by i?
6
Let b(a) = -3*a + 20. Let t be b(6). Suppose t*u + 4*u = 30. Calculate the remainder when (-1)/6 - (-395)/30 is divided by u.
3
Let a(s) = s - 10 - 2*s - 30 + 6. Let h be a(-12). Let p = 28 + h. What is the remainder when 23 is divided by p?
5
Suppose -3*s - 7*i = -11*i - 720, 0 = 3*s - 5*i - 723. What is the remainder when s is divided by 16?
12
Let t(d) = -d**2 - d. Let a(u) = -7*u**2 + u - 9. Let c(y) = -a(y) + 6*t(y). What is the remainder when c(-8) is divided by 33?
30
Let x = -593 + 657. What is the remainder when 70 is divided by x?
6
Let l be (30/(-25))/((-6)/80). Suppose m - l = 14. Calculate the remainder when 15 is divided by 2/10 - (-234)/m.
7
Suppose -2*a + 1389 = 5*j + 461, 5*a = -3*j + 553. What is the remainder when j is divided by 48?
42
Let d(w) = -13*w + 139. What is the remainder when 111 is divided by d(8)?
6
Let g(l) = l**2 + 1. What is the remainder when 30 is divided by g(4)?
13
Let i = 762 - 717. Calculate the remainder when 171 is divided by i.
36
Let n be -2 + -2 - (-1 - 1). Suppose -2*u = 4*i - 60, -5*i + 9 = -u + 11. Calculate the remainder when u is divided by n - (-1 + 0 - 13).
10
Let i = 33 - 52. Let d(b) = b**3 + 20*b**2 + 20*b + 27. What is the remainder when 23 is divided by d(i)?
7
Let z be 10/6 - (-12)/36. What is the remainder when 16 + (-3 - (-1 + 2))/z is divided by 5?
4
Suppose -4*p = -5*d - 625, 2*d + 3 = -d. Suppose 4*o - o - 36 = 0. Calculate the remainder when p is divided by o.
11
Let v(o) = 102*o**3 + o**2 + o - 1. Let l be v(1). Suppose l = 4*d - 305. Calculate the remainder when d is divided by 21.
18
Let s(j) = -86*j - 1348. Suppose 0 = -f + 4 + 7. What is the remainder when s(-16) is divided by f?
6
Let t(g) = g - 6. Let q be t(11). Suppose -b + q*b + d - 19 = 0, b = 2*d + 16. Let p(i) = 5*i - 7. What is the remainder when p(b) is divided by 12?
11
Let k be (-4)/(-10) + (-290)/(-25) + -2. Suppose 0 = -a - 3*m + 6, -4*m = -a - 5*m + k. What is the remainder when a is divided by 7?
5
Suppose 3*s = 9, 0 = -2*a + 42*s - 40*s. What is the remainder when 6 is divided by a?
0
Suppose -3*v - 4*h = -34, 2*v - 4 = -0*v + 2*h. Let k = v - -5. Suppose 0 = u + 2*z - 12, 2*u - 5*z + 4 = -2*u. What is the remainder when k is divided by u?
3
Let y = 1 - 2. Let c be (-1)/(5/455*y). Calculate the remainder when (-232)/14*c/(-26) is divided by 10.
8
Let l(j) = -22*j - 9. Let v(a) = -a + 11. Let p be v(13). What is the remainder when l(p) is divided by 76/6 - 2/3?
11
Suppose -v - 2*t - 7 = 2*v, 0 = -2*v + 2*t - 8. Let z(s) = s**3 - 6*s**2 - 12*s + 2. What is the remainder when z(8) is divided by (1 - v)/(6/18)?
10
Suppose 0 = -2*u - 2 + 6. Let t be (-3 - u - -3)*26. Let g = -19 - t. What is the remainder when g is divided by 9?
6
Let m be (-42)/(-9) + 2/6. Suppose -n - n = 5*k + 14, -m*k = 3*n + 16. Let z(p) = p**2 + 1. Calculate the remainder when 7 is divided by z(n).
2
Let d be 1/(-2) + (-3)/2. Let r = 5 - d. Suppose 9*a + 5*a = 280. What is the remainder when a is divided by r?
6
What is the remainder when 282 is divided by (40/30*3)/(1/4)?
10
Let o(f) = f + 1. Let d(w) = 3*w - 28. Let c(a) = d(a) + 2*o(a). Calculate the remainder when 67 is divided by c(10).
19
Let m(z) = z**3 + 3*z**2 - 4*z - 2. Let p be m(-3). Calculate the remainder when -2*4/(-4)*p/2 is divided by 7.
3
Let h be (-50)/(-15)*(-12)/(-10). What is the remainder when (-1)/((h + -9)/155) is divided by 16?
15
Suppose 7*a - 2*a = 110. Suppose -2*k + 0*k + a = 0. Suppose 4*d + 14*d - 774 = 0. What is the remainder when d is divided by k?
10
Let s(j) = -j**2 + 21*j + 35. What is the remainder when 230 is divided by s(22)?
9
Let k(p) = -1 + 4*p**2 + 6*p**2 + 0*p - 2*p. Calculate the remainder when (1230/40)/(3/4) is divided by k(-1).
8
Let b(v) = 6*v + 574. Calculate the remainder when b(0) is divided by 58.
52
Let g(p) = p**2 - 12*p + 17. Let h be (-1)/(0 + 2) + (-75)/(-6). Calculate the remainder when g(h) is divided by 10.
7
Suppose 21*x - 50 = 11*x. Calculate the remainder when 12 is divided by x.
2
Suppose 4*a - 1 = -4*u + 67, a + 2*u - 12 = 0. What is the remainder when 1119 is divided by a?
19
Suppose 0 = 2*z + 6*z - 136. Calculate the remainder when 40 is divided by z.
6
Suppose 0*n - 3*n = -144. Let b = n - 29. Calculate the remainder when 36 is divided by b.
17
Let m(x) = -x**3 + 15*x**2 + x - 20. Let j be m(15). What is the remainder when 28 is divided by (0 + 3*j)*-1?
13
Suppose -3 = r - 2*r. Suppose -b = 5*j - 29, 5*b - 31 - 2 = r*j. Suppose k + 3 = 4*n, 0 = -3*k - k + 4*n + 12. What is the remainder when b is divided by k?
4
Suppose -1074*w + 1073*w + 227 = 0. What is the remainder when w is divided by 11?
7
Let y(w) = -2*w + 82. Calculate the remainder when 272 is divided by y(18).
42
Let x be (-1874)/12 - 4/72*-3. Let w = -106 - x. Calculate the remainder when w is divided by 9.
5
Suppose 0 = -2*u - 14 - 6. Let g = u + 17. Let l = -16 - -36. Calculate the remainder when l is divided by g.
6
Suppose -5*s + 2*k = -3*k - 35, 3*s = -4*k + 21. Let v(g) = g**3 + g - 13. Calculate the remainder when v(3) is divided by s.
3
Suppose 7*i + k = 8*i + 1, -5*k + 10 = 0. What is the remainder when 26 is divided by i?
0
Let i(x) = -x - 3. Let j be i(-7). Suppose 0 = -c + 5*g - 20 + 5, -j*g - 10 = -3*c. Let a = 469 + -430. What is the remainder when a is divided by c?
9
Suppose -4*v - 596 = -3*m, -12*v = -3*m - 10*v + 586. Calculate the remainder when m is divided by 28.
24
Let p(h) = 3*h**2 - 2*h - 2. Let g(q) = q**2 - q + 1. Let z(o) = 5*g(o) - p(o). Calculate the remainder when 61 is divided by z(3).
13
Suppose -c + 0 + 2 = 0, 0 = 2*i - 2*c. Suppose i*u - u - 7 = 0. Calculate the remainder when u is divided by 5.
2
Let a(y) = y**2 - 58. Let n be a(0). Let u = n - -67. Calculate the remainder when 61 is divided by u.
7
Let v = 20 + -15. What is the remainder when 355 is divided by v - ((-43)/1 - 3)?
49
Suppose 0 = -w + 3*q - 3, -4*w + 8*w = 3*q - 3. Suppose w*l = 2*l - 4*c - 36, 1 = -c. Calculate the remainder when 78 is divided by l.
14
Calculate the remainder when 3*(-18)/9 - (-149 + 4) is divided by 63.
13
Let h = 151 - 148. Calculate the remainder when 56 is divided by h.
2
Suppose 2*o = 54 + 10. Suppose -2*f + o + 60 = 0. What is the remainder when 135 is divided by f?
43
Suppose -42*y = -40*y - 86. What is the remainder when 168 is divided by y?
39
Let x = 27 - 23. Suppose 3*o + 52 = x*r - 83, 123 = 3*r + 5*o. Calculate the remainder when r is divided 